0 - (11 - -1)).
-4
Evaluate (0 - 0) + (23 + -4 - 7) - -4.
16
What is -10 + 10 + -3 - -3?
0
-56 + 45 - (-9 + -14)
12
Calculate -5 + 0 + (8 - 21 - -5).
-13
3 + 12 + (9 - (7 - 3) - 8)
12
3 + (-3 - -1 - -9) + (-1 - 13)
-4
What is -16 - (4 - (16 + -3 + 2 + -9))?
-14
-84 + 103 - (13 - 0)
6
Evaluate (-56 - -29) + 2 + 1 + -3 - -5.
-22
Calculate (5 - 2 - (16 + 0)) + 10 + -3.
-6
What is (1 + -2 - 8) + -9 + 4 + -2?
-16
What is (8 - 2) + -8 + 12 + 10 + -3?
17
Evaluate (-1 - -8) + 3 + (4 - 28).
-14
Calculate 6 + -4 - (8 + -4 + -1 - 7).
6
Calculate -15 + (-3 + 29 - 9).
2
Calculate -8 + (8 - (-3 - -27)).
-24
What is the value of (1 - 1) + 0 + (1 - 22)?
-21
Calculate 6 + (-27 + 9 - -18) + -1 + -6.
-1
-116 - -97 - (-6 - -3)
-16
Evaluate -12 - -26 - (-15 + 44).
-15
What is -5 - -5 - -6 - -3 - -1?
10
Calculate 40 + (-12 - (-4 + 9)).
23
What is -24 + 3 - (70 - 96)?
5
Calculate -14 + 8 + 1 + 2 + -10.
-13
(-15 - -6 - 5) + -3 + 0 + -3
-20
What is (-9 - -1) + 12 + 9 + 0?
13
What is the value of 1 + (1 - -1 - 4) + -4 + 1?
-4
What is -6 + (-17 - -41) + -42?
-24
What is 9 - (-6 - (-3 - (-1 - -12)))?
1
-1 - (-1 - -28) - (-4 - (23 + -26))
-27
16 + -4 + 5 + 9 - 3
23
What is the value of 1 + ((-7 - 0) + 27 + -25 - -4)?
0
Calculate (22 - 1) + 9 + -5 + -11.
14
Calculate -17 + 11 - ((0 - -8) + -25).
11
Calculate 31 - (35 - (1 + 22)).
19
Evaluate -13 - (-13 - (-1 + 12)).
11
-6 + (2 - (1 + (4 - 9)))
0
What is the value of 3 + 6 + (-28 - -2)?
-17
Calculate -4 - (1 + -1) - (145 - 140).
-9
What is -14 + 38 + -2 + -13 + 10?
19
What is 0 - 3 - (-3 - -2 - 10)?
8
What is the value of -11 - ((-36 - -28) + 19 + 3)?
-25
What is the value of (-8 - 0) + (129 + -79 - 46)?
-4
-9 + (7 - 6) + 15 + 10
17
Evaluate 4 + -3 + (9 - 7) + 2.
5
What is the value of -11 - (-3 + 10 + (8 - 12))?
-14
0 + -3 - (-11 + 15 - 9)
2
Evaluate (-125 - -99) + 14 + 1.
-11
Evaluate -12 + (11 - 13 - 4) + -7.
-25
Evaluate -3 - -2 - 2 - (42 + -37).
-8
What is 14 + (-5 - 0 - (-12 + 4))?
17
289 - 296 - (5 - (-6 - -4))
-14
What is the value of 2 + (15 + -31 - -15)?
1
Calculate (-19 + 8 + 26 - 8) + -7.
0
-10 - (2 + -30 - (13 - (10 - -11)))
10
What is -10 - -24 - (8 - 1) - -3?
10
Calculate (10 - -8) + 3 + 0.
21
Calculate (5 - (-12 + -1) - (13 - 8)) + 5.
18
-10 - (-8 + 0) - 9 - -22
11
Evaluate -10 - (140 - 141 - (-1 + -7)).
-17
What is the value of (-56 - -28 - -36) + -29?
-21
Calculate 6 + (-13 - 1) + (-2 + 3 - -15).
8
Evaluate -4 - ((-14 - (-1 + -1)) + 4 + 8).
-4
What is (105 - 107) + (-7 + -1 - 1) - 1?
-12
What is the value of 48 - (-27 + 54) - 42?
-21
-8 - (9 + 4 + -5 + -2)
-14
What is 2 + 11 - (24 - (-7 + 37))?
19
What is the value of (4 - ((-7 + 1 - -2) + 2)) + -8?
-2
Calculate -1 + 7 + (64 + -12 - (23 - -1)).
34
What is -11 - (-9 - (-16 + 9))?
-9
What is -4 + -2 + (5 - 11) + -9?
-21
Calculate -27 - (19 + -13 + -4).
-29
What is the value of -52 + 17 + 37 + (-1 - 4)?
-3
4 - (-3 - 13) - 29
-9
What is 5 - (-7 - (-7 + (-5 - 5)))?
-5
-11 + 4 + 1 + 8
2
Evaluate 9 + -11 + (-1 - (-4 + 6 + 2)).
-7
What is the value of -1 - ((8 - -1 - 3) + 1)?
-8
10 + 9 + -15 - (-1 - -3)
2
What is the value of 7 - (1 - (-4 + 8 + -29 - -7))?
-12
Evaluate -11 + 8 - -7 - (-10 + 15) - 5.
-6
-5 - (-2 + -12 + 37)
-28
Calculate 1 + -17 + (-37 - -40) - 0.
-13
Calculate (-30 - -7) + 13 + 20.
10
What is (-1 - 8) + (19 - 12)?
-2
What is the value of -5 + (-74 + 70 - (-27 + (3 - 3)))?
18
What is the value of (4 + -11 - (5 + -24)) + -33?
-21
What is 7 + -12 + (10 - 1)?
4
What is 23 + (-16 - (-3 - -4))?
6
What is the value of 12 + -6 + -3 + 1?
4
What is the value of (9 + -8 - -4) + -5 + -2?
-2
Evaluate (-17 + 19 - -1) + -3.
0
What is the value of 27 + (-15 - (-3 + -3 - -3))?
15
(9 - -8 - 9) + -10
-2
Evaluate 23 - 3 - (137 - 100).
-17
Calculate (14 + -1 - 1) + -31 + (10 - -28).
19
What is 6 + -4 - 18 - -5?
-11
Evaluate -24 + 4 + 7 + 18.
5
What is -14 - (8 + -16 + 12 + -3)?
-15
Evaluate (-19 + -9 + 50 - 6) + -13.
3
-42 + 32 - (-6 + 1 - -1)
-6
Evaluate 16 - 0 - (28 - (11 - 1)).
-2
Calculate (8 - (14 + -12) - 0) + -1 + -5.
0
What is the value of -2 - (27 + 8 + -47)?
10
-41 - ((16 - 39) + 1)
-19
-5 + (-4 - (12 + (-12 - -18 - 24)))
-3
What is the value of -1 - ((-2 - 5 - (-15 + 18)) + 9)?
0
What is the value of 32 - (15 + 0 + 3)?
14
4 - (-36 - -21) - 29
-10
What is 13 + 12 + (-10 - 15)?
0
What is the value of 9 + -8 + 10 + -3?
8
Calculate 14 + -9 - 0 - (10 + -12).
7
What is (25 + 5 - (82 - 75)) + -8 + 0?
15
What is (-5 + 9 - 6) + (0 - -16 - 3)?
11
Evaluate 12 + (-11 + 0 + 25 - 34).
-8
What is the value of (15 - 26) + (7 - -10)?
6
(9 - 5) + -11 + 0 + (2 - 4)
-9
What is (-394 - -404) + -16 + -1?
-7
Calculate (-10 - 0) + (193 - 167).
16
-14 + 8 + 13 + -11 - 24
-28
(-13 - (-19 + -6)) + -2
10
14 - (22 + (20 - 5) + 1)
-24
Calculate (-1 + -3 + 3 - -3) + 3.
5
What is -7 + (8 + 1 - (-5 - (0 + 26)))?
33
Evaluate (-10 - (-10 - -16)) + 10 - 8.
-14
Evaluate 5 - -7 - (3 + 11) - (0 - 0).
-2
-17 + 0 + -8 + 28
3
Evaluate -1 - -5 - ((-13 - -11) + 0 + 0).
6
Evaluate (7 - -6) + -19 + 7.
1
What is 3 - -15 - (-4 - -17)?
5
-2 + (3 - 6) + (17 - 39 - -41)
14
(31 - 27) + (-2 - -3) + -7
-2
Calculate -9 + 3 + (-9 - -18) - 23.
-20
Evaluate 1 + 1 + -6 + (99 - 93).
2
What is -6 - (-19 - (-19 + 8 + 9))?
11
Calculate (-10 - -9) + -14 + -4.
-19
What is -25 + 1 + 20 + -8 - -13?
1
What is the value of 1 - (6 + -4 + 10 + -7)?
-4
What is the value of 2 - -17 - (47 + -25)?
-3
Evaluate -3 + 6 + (7 - 7) + -1 + -4.
-2
Evaluate -1 - (12 + (-3 + 8 - 11) + 1).
-8
Calculate (26 + -22 - (-2 + -3)) + (3 - 4).
8
Calculate -2 - 0 - (-2 + (2 - (-12 - -4))).
-10
Calculate 30 + 3 + -54 + 27.
6
What is the value of -2 - ((-1 - -1) + 20 + -7 + 6)?
-21
Calculate -66 - -77 - (16 + 1) - -4.
-2
Calculate 1 + -14 - ((-10 - (1 + -7)) + 2).
-11
Evaluate -12 + 7 + 39 + 13 + -9 + 1.
39
Evaluate 3 - (-14 + 4 + (45 - 42)).
10
What is (4 - (10 - (-1 + -8 + 22))) + -9?
-2
What is -37 - (-32 - (14 + -13))?
-4
Evaluate -22 + (19 - 23) + 6 + 1 + 7.
-12
What is 12 - (-2 + (-5 - -3) + 7)?
9
What is -19 - (-2 - (31 + -15))?
-1
What is the value of -8 - (4 - (5 + 5))?
-2
(-10 + 22 - 29) + (9 - 2)
-10
Evaluate 7 - (10 - (13 + -2 + 0)).
8
What is -13 + 2 + -3 + (7 + -17 - -16)?
-8
Evaluate (7 - -2 - 3) + -6.
0
Evaluate (30 - (14 + (4 - 11))) + -6 - 4.
13
What is the value of 2 + 4 - (-97 + 121)?
-18
What is 6 + (-4 + -2 - -2) - 5 - 6?
-9
Evaluate -3 + 3 + 9 - -4.
13
What is (-24 - -16) + (0 - (7 + -3))?
-12
What is the value of -13 - (-17 + (-18 - -7))?
15
What is the value of 35 - ((11 - 3 - (5 - 4)) + 0)?
28
What is 6 + 1 - 3 - -2?
6
Calculate 2 + 5 + (0 + 6 + -5 - 0).
8
What is the value of 35 - (33 + -8) - (1 - -9)?
0
Evaluate 12 - (10 + (46 - 21)).
-23
(3 - (-16 + 1)) + (150 - 184)
-16
Evaluate (5 - 9) + (-1 - 2) + 10.
3
Evaluate (2 - (-4 - -4)) + 10 + (9 - 13).
8
What is -42 - (11 + -24) - (-2 + 2 - 9)?
-20
Calculate 2 + -4 + (7 - -3) + 3.
11
Evaluate -4 + (-6 - -8) + -9.
-11
What is the value of -13 - (-3 + -2 + 15 + 13 + -21)?
-15
(-6 - (-2 - 9 - -10)) + -6
-11
Evaluate (8 - -10) + -13 + -14 + 1 + 18.
10
What is (2 - -12 - 9) + 4?
9
What is 29 - (5 - 39 - -47)?
16
3 + -5 - ((-4 - -6) + -2 + -1)
-1
What is 9 + (19 - -3 - 31)?
0
Evaluate -7 + 15 + 11 + (-15 - -28).
32
Evaluate (-12 + 1 - (-46 + 24)) + -21.
-10
What is the value of 3 + -7 + (5 - (7 - 5)) - -6?
5
-11 - (-1 + (-11 - -2) + -3 + 8)
-6
What is the value of 1 - -25 - (-194 - -193)?
27
What is 0 + (11 - 19) + 4 + 8?
4
14 - (-2 - -4) - (2 - (9 - 1))
18
What is the value of (-3 - -2) + (-175 - -178)?
2
Evaluate 5 + (-53 + 34 - -18).
4
What is the value of 0 + 6 + -38 + -7 + 6 + 6?
-27
Calculate -23 - (-24 + 7 + 17).
-23
What is (-50 - -5) + 19 + 42?
16
Calculate -5 + (9 - (7 - 23)).
20
What is the value of 202 + -241 + (18 - -7)?
-14
What is the value of -12 - (4 - (10 + -13))?
-19
3 - (-28 - (-11 - (4 - -2)))
14
Calculate 13 - (-6 + 4) - 2.
13
Evaluate -8 + 5 + -17 + 0.
-20
-113 + 128 + -9 + 1 - 3
4
Calculate 6 - (7 + (6 - 14) + -7 + 0).
14
Evaluate (11 - 1 - 10) + 8 - 27.
-19
What is 3 + -1 - (-201 + 196)?
7
Evaluate (4 + 0 - 4) + (-6 - -9) + 8.
11
What is the value of (-4 - -1 - -23) + (26 - 17)?
29
What is -2 - -3 - (-19 - -17) - 8 - 0?
-5
Calculate -4 + 3 + (-10 - (-10 - (-6 + 4))).
-3
Calculate 12 + (-17 + 10 - -6 - 33).
-22
Calculate -5 + (-40 + 37 - (-1 + -19)).
12
Wh